{"id":8,"date":"2021-10-12T09:28:17","date_gmt":"2021-10-12T09:28:17","guid":{"rendered":"https:\/\/prahasobe.cz\/praha9sobe\/?page_id=8"},"modified":"2025-10-24T20:37:17","modified_gmt":"2025-10-24T20:37:17","slug":"kontakt","status":"publish","type":"page","link":"https:\/\/prahasobe.cz\/praha9sobe\/kontakt\/","title":{"rendered":"Kontakt"},"content":{"rendered":"\n<h2 class=\"has-text-align-center wp-block-heading\"><strong>R\u00e1di byste se s&nbsp;n\u00e1mi spojili?<br>Kdykoliv se ozv\u011bte, jsme tu pro v\u00e1s.<\/strong><\/h2>\n\n\n\n<div style=\"height:40px\" aria-hidden=\"true\" class=\"wp-block-spacer\"><\/div>\n\n\n\n<div class=\"wp-block-group section section-narrow\"><div class=\"wp-block-group__inner-container is-layout-flow wp-block-group-is-layout-flow\">\n<div class=\"wp-block-columns is-layout-flex wp-container-core-columns-is-layout-9d6595d7 wp-block-columns-is-layout-flex\">\n<div class=\"wp-block-column is-vertically-aligned-center contact-col contact-col--person is-layout-flow wp-block-column-is-layout-flow\" style=\"flex-basis:33.33%\"><div class=\"wp-block-image\">\n<figure class=\"aligncenter size-full\"><img loading=\"lazy\" decoding=\"async\" width=\"300\" height=\"300\" src=\"http:\/\/prahasobe.cz\/praha9sobe\/wp-content\/uploads\/sites\/4\/2022\/04\/P9S-KamilMatejkova.jpg\" alt=\"\" class=\"wp-image-284\" srcset=\"https:\/\/prahasobe.cz\/praha9sobe\/wp-content\/uploads\/sites\/4\/2022\/04\/P9S-KamilMatejkova.jpg 300w, https:\/\/prahasobe.cz\/praha9sobe\/wp-content\/uploads\/sites\/4\/2022\/04\/P9S-KamilMatejkova-150x150.jpg 150w\" sizes=\"auto, (max-width: 300px) 100vw, 300px\" \/><\/figure>\n<\/div>\n\n<div id=\"ps-block_da7b01ee378e7055405acc8b5d3d467c\" class=\"section custom-bgc custom-bgc-yellow rounded rounded-bl rounded-br contact-col--person_caption\">\n\n\n<div class=\"wp-block-columns icon-plus-name is-layout-flex wp-container-core-columns-is-layout-9d6595d7 wp-block-columns-is-layout-flex\">\n<div class=\"wp-block-column ps-people-column ps-people-column_icon is-layout-flow wp-block-column-is-layout-flow\">\n<figure class=\"wp-block-image size-large\"><img decoding=\"async\" src=\"http:\/\/prahasobe.cz\/praha9sobe\/wp-content\/uploads\/sites\/4\/2022\/04\/PSMC_icon-woman02.svg\" alt=\"\" class=\"wp-image-261\" \/><\/figure>\n<\/div>\n\n\n\n<div class=\"wp-block-column ps-people-column ps-people-column_headline is-layout-flow wp-block-column-is-layout-flow\">\n<h6 class=\"caps ff-ps-italic strong wp-block-heading\">KAMILA<br>MAT\u011aJKOV\u00c1<\/h6>\n<\/div>\n<\/div>\n\n\n\n<p><strong>zakladatelka PRAHA 9 SOB\u011a<\/strong><\/p>\n\n\n\n<p>+420 \u200b\u200b603&nbsp;519&nbsp;629<\/p>\n\n\n\n<p><a href=\"mailto:kamila.matejkova@prahasobe.cz\">kamila.matejkova@prahasobe.cz<\/a><\/p>\n\n\n<\/div>\n\n\n<p><\/p>\n<\/div>\n\n\n\n<div class=\"wp-block-column contact-col contact-col--places is-layout-flow wp-block-column-is-layout-flow\" style=\"flex-basis:66.66%\">\n<p>Zastupitelky a&nbsp;zastupitel\u00e9 M\u010c Praha 9 za PRAHA 9 SOB\u011a zvolen\u00ed ve volebn\u00edm obdob\u00ed 2022 \u2013 2026:<\/p>\n\n\n\n<ul class=\"wp-block-list\"><li>M\u00edstostarostka pro soci\u00e1ln\u00ed politiku, oblast zdravotn\u00ed p\u00e9\u010de a&nbsp;sousedsk\u00e9 vztahy, radn\u00ed uvoln\u011bn\u00e1 pro v\u00fdkon funkce, zastupitelka <strong>Kamila Mat\u011bjkov\u00e1<\/strong>: <a href=\"mailto:matejkovak@praha9.cz\">matejkovak@praha9.cz<\/a>, 283&nbsp;091\u00a0332 (soci\u00e1ln\u011b-zdravotn\u00ed oblast, rodinn\u00e1 politika, sousedsk\u00e9 vztahy, kultura)<\/li><li>P\u0159edsedkyn\u011b zastupitelsk\u00e9ho klubu Praha 9 Sob\u011b, zastupitelka <strong>Vla\u010fka Mu\u0161\u00e1lkov\u00e1<\/strong>: <a href=\"mailto:musalkovav@praha9.cz\">musalkovav@praha9.cz<\/a> (\u0161kolstv\u00ed, voln\u00fd \u010das, ve\u0159ejn\u00fd prostor, komunikace)<\/li><li>P\u0159edseda Finan\u010dn\u00edho a&nbsp;majetkov\u00e9ho v\u00fdboru, zastupitel <strong>Tom\u00e1\u0161 Vyhn\u00e1nek<\/strong>: <a href=\"mailto:vyhnanekt@praha9.cz\">vyhnanekt@praha9.cz<\/a> (finance, majetek, bezpe\u010dnost)<\/li><li><span style=\"color: initial\">Zastupitel <\/span><strong style=\"color: initial\">Michal \u0160orel<\/strong><span style=\"color: initial\">: <\/span><a href=\"mailto:sorelm@praha9.cz\">sorelm@praha9.cz<\/a><span style=\"color: initial\"> (\u00fazemn\u00ed rozvoj, ve\u0159ejn\u00fd prostor, \u017eivotn\u00ed prost\u0159ed\u00ed, doprava)<\/span><\/li><\/ul>\n\n\n\n<p><\/p>\n<\/div>\n<\/div>\n<\/div><\/div>\n\n\n\n<div style=\"height:60px\" aria-hidden=\"true\" class=\"wp-block-spacer\"><\/div>\n","protected":false},"excerpt":{"rendered":"<p>R\u00e1di byste se s&nbsp;n\u00e1mi spojili?Kdykoliv se ozv\u011bte, jsme tu pro v\u00e1s. Zastupitelky a&nbsp;zastupitel\u00e9 M\u010c Praha 9 za PRAHA 9 SOB\u011a zvolen\u00ed ve volebn\u00edm obdob\u00ed 2022 \u2013 2026: M\u00edstostarostka pro soci\u00e1ln\u00ed politiku, oblast zdravotn\u00ed p\u00e9\u010de a&nbsp;sousedsk\u00e9 vztahy, radn\u00ed uvoln\u011bn\u00e1 pro v\u00fdkon funkce, zastupitelka Kamila Mat\u011bjkov\u00e1: matejkovak@praha9.cz, 283&nbsp;091\u00a0332 (soci\u00e1ln\u011b-zdravotn\u00ed oblast, rodinn\u00e1 politika, sousedsk\u00e9 vztahy, kultura) P\u0159edsedkyn\u011b zastupitelsk\u00e9ho [&hellip;]<\/p>\n","protected":false},"author":5,"featured_media":0,"parent":0,"menu_order":0,"comment_status":"closed","ping_status":"closed","template":"","meta":{"_acf_changed":false,"inline_featured_image":false,"footnotes":""},"class_list":["post-8","page","type-page","status-publish","hentry"],"acf":[],"aioseo_notices":[],"distributor_meta":false,"distributor_terms":false,"distributor_media":false,"distributor_original_site_name":"Praha9Sob\u011b","distributor_original_site_url":"https:\/\/prahasobe.cz\/praha9sobe","push-errors":false,"_links":{"self":[{"href":"https:\/\/prahasobe.cz\/praha9sobe\/wp-json\/wp\/v2\/pages\/8","targetHints":{"allow":["GET"]}}],"collection":[{"href":"https:\/\/prahasobe.cz\/praha9sobe\/wp-json\/wp\/v2\/pages"}],"about":[{"href":"https:\/\/prahasobe.cz\/praha9sobe\/wp-json\/wp\/v2\/types\/page"}],"author":[{"embeddable":true,"href":"https:\/\/prahasobe.cz\/praha9sobe\/wp-json\/wp\/v2\/users\/5"}],"replies":[{"embeddable":true,"href":"https:\/\/prahasobe.cz\/praha9sobe\/wp-json\/wp\/v2\/comments?post=8"}],"version-history":[{"count":24,"href":"https:\/\/prahasobe.cz\/praha9sobe\/wp-json\/wp\/v2\/pages\/8\/revisions"}],"predecessor-version":[{"id":7387,"href":"https:\/\/prahasobe.cz\/praha9sobe\/wp-json\/wp\/v2\/pages\/8\/revisions\/7387"}],"wp:attachment":[{"href":"https:\/\/prahasobe.cz\/praha9sobe\/wp-json\/wp\/v2\/media?parent=8"}],"curies":[{"name":"wp","href":"https:\/\/api.w.org\/{rel}","templated":true}]}}

<h2 class="has-text-align-center wp-block-heading"><strong>Rádi byste se s&nbsp;námi spojili?<br>Kdykoliv se ozvěte, jsme tu pro vás.</strong></h2>



<div style="height:40px" aria-hidden="true" class="wp-block-spacer"></div>



<div class="wp-block-group section section-narrow"><div class="wp-block-group__inner-container is-layout-flow wp-block-group-is-layout-flow">
<div class="wp-block-columns is-layout-flex wp-container-core-columns-is-layout-9d6595d7 wp-block-columns-is-layout-flex">
<div class="wp-block-column is-vertically-aligned-center contact-col contact-col--person is-layout-flow wp-block-column-is-layout-flow" style="flex-basis:33.33%"><div class="wp-block-image">
<figure class="aligncenter size-full"><img loading="lazy" decoding="async" width="300" height="300" src="http://prahasobe.cz/praha9sobe/wp-content/uploads/sites/4/2022/04/P9S-KamilMatejkova.jpg" alt="" class="wp-image-284" srcset="https://prahasobe.cz/praha9sobe/wp-content/uploads/sites/4/2022/04/P9S-KamilMatejkova.jpg 300w, https://prahasobe.cz/praha9sobe/wp-content/uploads/sites/4/2022/04/P9S-KamilMatejkova-150x150.jpg 150w" sizes="auto, (max-width: 300px) 100vw, 300px" /></figure>
</div>

<div id="ps-block_da7b01ee378e7055405acc8b5d3d467c" class="section custom-bgc custom-bgc-yellow rounded rounded-bl rounded-br contact-col--person_caption">


<div class="wp-block-columns icon-plus-name is-layout-flex wp-container-core-columns-is-layout-9d6595d7 wp-block-columns-is-layout-flex">
<div class="wp-block-column ps-people-column ps-people-column_icon is-layout-flow wp-block-column-is-layout-flow">
<figure class="wp-block-image size-large"><img decoding="async" src="http://prahasobe.cz/praha9sobe/wp-content/uploads/sites/4/2022/04/PSMC_icon-woman02.svg" alt="" class="wp-image-261" /></figure>
</div>



<div class="wp-block-column ps-people-column ps-people-column_headline is-layout-flow wp-block-column-is-layout-flow">
<h6 class="caps ff-ps-italic strong wp-block-heading">KAMILA<br>MATĚJKOVÁ</h6>
</div>
</div>



<p><strong>zakladatelka PRAHA 9 SOBĚ</strong></p>



<p>+420 ​​603&nbsp;519&nbsp;629</p>



<p><a href="mailto:kamila.matejkova@prahasobe.cz">kamila.matejkova@prahasobe.cz</a></p>


</div>


<p></p>
</div>



<div class="wp-block-column contact-col contact-col--places is-layout-flow wp-block-column-is-layout-flow" style="flex-basis:66.66%">
<p>Zastupitelky a&nbsp;zastupitelé MČ Praha 9 za PRAHA 9 SOBĚ zvolení ve volebním období 2022 – 2026:</p>



<ul class="wp-block-list"><li>Místostarostka pro sociální politiku, oblast zdravotní péče a&nbsp;sousedské vztahy, radní uvolněná pro výkon funkce, zastupitelka <strong>Kamila Matějková</strong>: <a href="mailto:matejkovak@praha9.cz">matejkovak@praha9.cz</a>, 283&nbsp;091 332 (sociálně-zdravotní oblast, rodinná politika, sousedské vztahy, kultura)</li><li>Předsedkyně zastupitelského klubu Praha 9 Sobě, zastupitelka <strong>Vlaďka Mušálková</strong>: <a href="mailto:musalkovav@praha9.cz">musalkovav@praha9.cz</a> (školství, volný čas, veřejný prostor, komunikace)</li><li>Předseda Finančního a&nbsp;majetkového výboru, zastupitel <strong>Tomáš Vyhnánek</strong>: <a href="mailto:vyhnanekt@praha9.cz">vyhnanekt@praha9.cz</a> (finance, majetek, bezpečnost)</li><li><span style="color: initial">Zastupitel </span><strong style="color: initial">Michal Šorel</strong><span style="color: initial">: </span><a href="mailto:sorelm@praha9.cz">sorelm@praha9.cz</a><span style="color: initial"> (územní rozvoj, veřejný prostor, životní prostředí, doprava)</span></li></ul>



<p></p>
</div>
</div>
</div></div>



<div style="height:60px" aria-hidden="true" class="wp-block-spacer"></div>

<p>Rádi byste se s&nbsp;námi spojili?Kdykoliv se ozvěte, jsme tu pro vás. Zastupitelky a&nbsp;zastupitelé MČ Praha 9 za PRAHA 9 SOBĚ zvolení ve volebním období 2022 – 2026: Místostarostka pro sociální politiku, oblast zdravotní péče a&nbsp;sousedské vztahy, radní uvolněná pro výkon funkce, zastupitelka Kamila Matějková: matejkovak@praha9.cz, 283&nbsp;091 332 (sociálně-zdravotní oblast, rodinná politika, sousedské vztahy, kultura) Předsedkyně zastupitelského [&hellip;]</p>

Praha9Sobě
