{"id":8,"date":"2021-10-12T09:28:17","date_gmt":"2021-10-12T09:28:17","guid":{"rendered":"https:\/\/prahasobe.cz\/praha9sobe\/?page_id=8"},"modified":"2022-08-28T21:01:58","modified_gmt":"2022-08-28T21:01:58","slug":"kontakt","status":"publish","type":"page","link":"https:\/\/prahasobe.cz\/praha7sobe\/kontakt\/","title":{"rendered":"Kontakt"},"content":{"rendered":"\n<h2 class=\"has-text-align-center wp-block-heading\"><strong>R\u00e1di byste se s&nbsp;n\u00e1mi spojili?<br>Kdykoliv se ozv\u011bte, jsme tu pro v\u00e1s.<\/strong><\/h2>\n\n\n\n<div style=\"height:40px\" aria-hidden=\"true\" class=\"wp-block-spacer\"><\/div>\n\n\n\n<div class=\"wp-block-group section section-narrow\"><div class=\"wp-block-group__inner-container is-layout-flow wp-block-group-is-layout-flow\">\n<div class=\"wp-block-columns is-layout-flex wp-container-core-columns-is-layout-9d6595d7 wp-block-columns-is-layout-flex\">\n<div class=\"wp-block-column contact-col contact-col--person is-layout-flow wp-block-column-is-layout-flow\" style=\"flex-basis:33.33%\">\n<figure class=\"wp-block-image size-large\"><img loading=\"lazy\" decoding=\"async\" width=\"1024\" height=\"1024\" src=\"http:\/\/prahasobe.cz\/praha7sobe\/wp-content\/uploads\/sites\/8\/2022\/08\/RV1_4297-web-1024x1024.jpg\" alt=\"\" class=\"wp-image-538\" srcset=\"https:\/\/prahasobe.cz\/praha7sobe\/wp-content\/uploads\/sites\/8\/2022\/08\/RV1_4297-web-1024x1024.jpg 1024w, https:\/\/prahasobe.cz\/praha7sobe\/wp-content\/uploads\/sites\/8\/2022\/08\/RV1_4297-web-300x300.jpg 300w, https:\/\/prahasobe.cz\/praha7sobe\/wp-content\/uploads\/sites\/8\/2022\/08\/RV1_4297-web-150x150.jpg 150w, https:\/\/prahasobe.cz\/praha7sobe\/wp-content\/uploads\/sites\/8\/2022\/08\/RV1_4297-web-768x768.jpg 768w, https:\/\/prahasobe.cz\/praha7sobe\/wp-content\/uploads\/sites\/8\/2022\/08\/RV1_4297-web-1536x1536.jpg 1536w, https:\/\/prahasobe.cz\/praha7sobe\/wp-content\/uploads\/sites\/8\/2022\/08\/RV1_4297-web-2048x2048.jpg 2048w\" sizes=\"auto, (max-width: 1024px) 100vw, 1024px\" \/><\/figure>\n\n\n<div id=\"ps-block_625970275ca5a\" class=\"section custom-bgc custom-bgc-yellow rounded rounded-bl rounded-br contact-col--person_caption\">\n\n\n<div class=\"wp-block-columns icon-plus-name is-layout-flex wp-container-core-columns-is-layout-9d6595d7 wp-block-columns-is-layout-flex\">\n<div class=\"wp-block-column ps-people-column ps-people-column_icon is-layout-flow wp-block-column-is-layout-flow\">\n<figure class=\"wp-block-image size-large\"><img decoding=\"async\" src=\"http:\/\/prahasobe.cz\/praha7sobe\/wp-content\/uploads\/sites\/8\/2022\/04\/PSMC_icon-man02.svg\" alt=\"\" class=\"wp-image-260\" \/><\/figure>\n<\/div>\n\n\n\n<div class=\"wp-block-column ps-people-column ps-people-column_headline is-layout-flow wp-block-column-is-layout-flow\">\n<h6 class=\"caps ff-ps-italic strong wp-block-heading\">Jan \u010ci\u017einsk\u00fd<\/h6>\n<\/div>\n<\/div>\n\n\n\n<p><strong>zakladatel PRAHA 7 SOB\u011a<\/strong><\/p>\n\n\n\n<p>+420774828345<\/p>\n\n\n\n<p><a href=\"mailto:jan.cizinsky@prahasobe.cz\">mail<\/a><\/p>\n\n\n<\/div><\/div>\n\n\n\n<div class=\"wp-block-column contact-col contact-col--person is-layout-flow wp-block-column-is-layout-flow\" style=\"flex-basis:33.33%\">\n<figure class=\"wp-block-image size-large\"><img loading=\"lazy\" decoding=\"async\" width=\"1024\" height=\"1024\" src=\"http:\/\/prahasobe.cz\/praha7sobe\/wp-content\/uploads\/sites\/8\/2022\/08\/RV1_4455-web-1-1024x1024.jpg\" alt=\"\" class=\"wp-image-570\" srcset=\"https:\/\/prahasobe.cz\/praha7sobe\/wp-content\/uploads\/sites\/8\/2022\/08\/RV1_4455-web-1-1024x1024.jpg 1024w, https:\/\/prahasobe.cz\/praha7sobe\/wp-content\/uploads\/sites\/8\/2022\/08\/RV1_4455-web-1-300x300.jpg 300w, https:\/\/prahasobe.cz\/praha7sobe\/wp-content\/uploads\/sites\/8\/2022\/08\/RV1_4455-web-1-150x150.jpg 150w, https:\/\/prahasobe.cz\/praha7sobe\/wp-content\/uploads\/sites\/8\/2022\/08\/RV1_4455-web-1-768x768.jpg 768w, https:\/\/prahasobe.cz\/praha7sobe\/wp-content\/uploads\/sites\/8\/2022\/08\/RV1_4455-web-1-1536x1536.jpg 1536w, https:\/\/prahasobe.cz\/praha7sobe\/wp-content\/uploads\/sites\/8\/2022\/08\/RV1_4455-web-1-2048x2048.jpg 2048w\" sizes=\"auto, (max-width: 1024px) 100vw, 1024px\" \/><\/figure>\n\n\n<div id=\"ps-block_630bd7660945f\" class=\"section custom-bgc custom-bgc-yellow rounded rounded-bl rounded-br contact-col--person_caption\">\n\n\n<div class=\"wp-block-columns icon-plus-name is-layout-flex wp-container-core-columns-is-layout-9d6595d7 wp-block-columns-is-layout-flex\">\n<div class=\"wp-block-column ps-people-column ps-people-column_icon is-layout-flow wp-block-column-is-layout-flow\">\n<figure class=\"wp-block-image size-large\"><img decoding=\"async\" src=\"http:\/\/prahasobe.cz\/praha7sobe\/wp-content\/uploads\/sites\/8\/2022\/04\/PSMC_icon-woman02.svg\" alt=\"\" class=\"wp-image-261\" \/><\/figure>\n<\/div>\n\n\n\n<div class=\"wp-block-column ps-people-column ps-people-column_headline is-layout-flow wp-block-column-is-layout-flow\">\n<h6 class=\"caps ff-ps-italic strong wp-block-heading\">hana t\u0159e\u0161t\u00edkov\u00e1<\/h6>\n<\/div>\n<\/div>\n\n\n\n<p><strong>zakladatelka PRAHA 7 SOB\u011a<\/strong><\/p>\n\n\n\n<p>+420603581674<\/p>\n\n\n\n<p><a href=\"mailto:ijan.cizinsky@prahasobe.cz\">mail<\/a><\/p>\n\n\n<\/div><\/div>\n<\/div>\n<\/div><\/div>\n\n\n\n<div style=\"height:60px\" aria-hidden=\"true\" class=\"wp-block-spacer\"><\/div>\n\n\n\n<p><\/p>\n","protected":false},"excerpt":{"rendered":"<p>R\u00e1di byste se s&nbsp;n\u00e1mi spojili?Kdykoliv se ozv\u011bte, jsme tu pro v\u00e1s.<\/p>\n","protected":false},"author":5,"featured_media":0,"parent":0,"menu_order":0,"comment_status":"closed","ping_status":"closed","template":"","meta":{"_acf_changed":false,"inline_featured_image":false,"footnotes":""},"class_list":["post-8","page","type-page","status-publish","hentry"],"acf":[],"aioseo_notices":[],"distributor_meta":false,"distributor_terms":false,"distributor_media":false,"distributor_original_site_name":"Praha7Sob\u011b","distributor_original_site_url":"https:\/\/prahasobe.cz\/praha7sobe","push-errors":false,"_links":{"self":[{"href":"https:\/\/prahasobe.cz\/praha7sobe\/wp-json\/wp\/v2\/pages\/8","targetHints":{"allow":["GET"]}}],"collection":[{"href":"https:\/\/prahasobe.cz\/praha7sobe\/wp-json\/wp\/v2\/pages"}],"about":[{"href":"https:\/\/prahasobe.cz\/praha7sobe\/wp-json\/wp\/v2\/types\/page"}],"author":[{"embeddable":true,"href":"https:\/\/prahasobe.cz\/praha7sobe\/wp-json\/wp\/v2\/users\/5"}],"replies":[{"embeddable":true,"href":"https:\/\/prahasobe.cz\/praha7sobe\/wp-json\/wp\/v2\/comments?post=8"}],"version-history":[{"count":5,"href":"https:\/\/prahasobe.cz\/praha7sobe\/wp-json\/wp\/v2\/pages\/8\/revisions"}],"predecessor-version":[{"id":691,"href":"https:\/\/prahasobe.cz\/praha7sobe\/wp-json\/wp\/v2\/pages\/8\/revisions\/691"}],"wp:attachment":[{"href":"https:\/\/prahasobe.cz\/praha7sobe\/wp-json\/wp\/v2\/media?parent=8"}],"curies":[{"name":"wp","href":"https:\/\/api.w.org\/{rel}","templated":true}]}}