{"id":109,"date":"2021-10-24T15:29:47","date_gmt":"2021-10-24T15:29:47","guid":{"rendered":"https:\/\/prahasobe.cz\/praha9sobe\/?page_id=109"},"modified":"2022-09-07T13:25:47","modified_gmt":"2022-09-07T13:25:47","slug":"zapojte-se","status":"publish","type":"page","link":"https:\/\/prahasobe.cz\/praha7sobe\/zapojte-se\/","title":{"rendered":"Zapojte se"},"content":{"rendered":"\n<div class=\"wp-block-group section section-narrow\"><div class=\"wp-block-group__inner-container is-layout-flow wp-block-group-is-layout-flow\"><div id=\"ps-block_62554d287c410\" class=\"section custom-bgc custom-bgc-regular outline outline-yellow rounded rounded-tl rounded-tr rounded-bl rounded-br\">\n\n\n<div style=\"height:20px\" aria-hidden=\"true\" class=\"wp-block-spacer\"><\/div>\n\n\n\n<h2 class=\"has-text-align-center wp-block-heading\"><strong>Chci se st\u00e1t sou\u010d\u00e1st\u00ed t\u00fdmu<\/strong><\/h2>\n\n\n\n<div style=\"height:20px\" aria-hidden=\"true\" class=\"wp-block-spacer\"><\/div>\n\n\n\n<h4 class=\"has-text-align-center wp-block-heading\"><strong>V\u00edt\u00e1me v\u00e1s a&nbsp;r\u00e1di se s&nbsp;v\u00e1mi&nbsp;potk\u00e1me!<\/strong><\/h4>\n\n\n\n<p class=\"has-text-align-center\"><strong>Roz\u0161i\u0159ujeme n\u00e1\u0161 t\u00fdm o&nbsp;dobrovoln\u00edky, sb\u011bra\u010de podpis\u016f i&nbsp;\u010dleny odborn\u00fdch skupin a&nbsp;budouc\u00ed&nbsp;kandid\u00e1ty.<\/strong><\/p>\n\n\n\n<p class=\"has-text-align-center\">Napi\u0161te zakladatelce PRAHA 7 SOB\u011a Jm\u00e9no P\u0159\u00edjmen\u00ed na <a href=\"mailto:info@prahasobe.cz\">info@prahasobe.cz<\/a><br>nebo vypl\u0148te kr\u00e1tk\u00fd formul\u00e1\u0159 a&nbsp;my se v\u00e1m brzy ozveme zp\u00e1tky.<\/p>\n\n\n\n<div style=\"height:20px\" aria-hidden=\"true\" class=\"wp-block-spacer\"><\/div>\n\n\n\n<div class=\"wp-block-buttons is-content-justification-center is-layout-flex wp-block-buttons-is-layout-flex\">\n<div class=\"wp-block-button caps btn-black\" id=\"napsat-zakladatelce\"><a class=\"wp-block-button__link\" href=\"#\">Napsat zakladateli<\/a><\/div>\n\n\n\n<div class=\"wp-block-button is-style-fill\" id=\"napsat-zakladatelce\"><a class=\"wp-block-button__link\" href=\"https:\/\/docs.google.com\/forms\/d\/e\/1FAIpQLScB5Ies2H6dAx4Uw0JBiJ7p0Gj8zWfOyNWpbOb9Tvtq1cUhiQ\/viewform\">vyplnit formul\u00e1\u0159<\/a><\/div>\n<\/div>\n\n\n<\/div>\n\n\n<div style=\"height:60px\" aria-hidden=\"true\" class=\"wp-block-spacer\"><\/div>\n<\/div><\/div>\n\n\n\n<div class=\"wp-block-group section has-white-background-color has-background\"><div class=\"wp-block-group__inner-container is-layout-flow wp-block-group-is-layout-flow\">\n<h2 class=\"has-text-align-center wp-block-heading\"><strong>Chci podpo\u0159it zm\u011bnu finan\u010dn\u011b<\/strong><\/h2>\n<\/div><\/div>\n\n\n\n<div class=\"wp-block-group full-width\"><div class=\"wp-block-group__inner-container is-layout-flow wp-block-group-is-layout-flow\">\n<div id=\"podporte-ps-widget-area\" class=\"amr-widget-area\"> \n<div class=\"wp-block-columns podporte-ps-widget is-layout-flex wp-container-core-columns-is-layout-9d6595d7 wp-block-columns-is-layout-flex\">\n<div class=\"wp-block-column thick-T dotted-B is-layout-flow wp-block-column-is-layout-flow\" style=\"flex-basis:33.33%\">\n<ol class=\"wp-block-list\"><li>Podporu adresujte cel\u00e9 PRAZE SOB\u011a, nebo konkr\u00e9tn\u00edm m\u011bstsk\u00fdm \u010d\u00e1stem.<\/li><li>Zvolte&nbsp;\u010d\u00e1stku.<\/li><li>Potvr\u010fte kliknut\u00edm na tla\u010d\u00edtko DAROVAT a&nbsp;pokra\u010dujte ke&nbsp;shrnut\u00ed a&nbsp;platb\u011b.<\/li><\/ol>\n\n\n\n<div style=\"height:20px\" aria-hidden=\"true\" class=\"wp-block-spacer\"><\/div>\n\n\n\n<h3 class=\"wp-block-heading\"><strong>Co v\u0161echno V\u00e1\u0161 dar m\u016f\u017ee zm\u011bnit?<\/strong><\/h3>\n\n\n\n<div style=\"height:14px\" aria-hidden=\"true\" class=\"wp-block-spacer\"><\/div>\n\n\n\n<p><strong><strong>300 K\u010d <\/strong><\/strong>= podpora na anal\u00fdzy rozhodnut\u00edch sou\u010dasn\u00e9 Rady, abychom zabr\u00e1nili nekal\u00fdm praktik\u00e1m ve&nbsp;veden\u00ed&nbsp;m\u011bsta<\/p>\n\n\n\n<p><strong><strong>500 K\u010d <\/strong><\/strong>= 16 000 lid\u00ed se na soc.&nbsp;s\u00edt\u00edch dozv\u00ed t\u0159eba o&nbsp;Bal\u00ed\u010dku pro Pra\u017eany, kter\u00fd pom\u00e1h\u00e1 k&nbsp;dostupn\u00e9mu bydlen\u00ed, \u0161koln\u00edm ob\u011bd\u016fm zdarma a&nbsp;dal\u0161\u00ed pomoci t\u011bm nejohro\u017een\u011bj\u0161\u00edm&nbsp;Pra\u017ean\u016fm<\/p>\n\n\n\n<p><strong><strong>800 K\u010d <\/strong><\/strong>= podpora na pr\u00e1vn\u00ed anal\u00fdzy k&nbsp;odstra\u0148ov\u00e1n\u00ed ileg\u00e1ln\u00edch&nbsp;billboard\u016f<\/p>\n\n\n\n<p><strong><strong>2000 K\u010d <\/strong><\/strong>= podpora pro na\u0161e odborn\u00edky, aby mohli posouvat ty nejv\u011bt\u0161\u00ed m\u011bstsk\u00e9 projekty, jako jsou okruhy nebo dostupn\u00e9&nbsp;bydlen\u00ed<\/p>\n\n\n\n<div style=\"height:14px\" aria-hidden=\"true\" class=\"wp-block-spacer\"><\/div>\n<\/div>\n\n\n\n<div class=\"wp-block-column rounded-tl rounded-tr rounded-br rounded-bl custom-bgc custom-bgc-yellow is-layout-flow wp-block-column-is-layout-flow\" style=\"flex-basis:66.66%\">\n<div style=\"height:20px\" aria-hidden=\"true\" class=\"wp-block-spacer\"><\/div>\n\n\n\n<div class=\"support-form-prestep\"> <div class=\"row\"> <h4 class=\"text-left donation-headline\">P\u0159\u00edjemce p\u0159\u00edsp\u011bvku:<\/h4> <p><\/p> <\/div> <div class=\"row custom-input--select\"> <select name=\"county\"><option value=\"Praha-7\">Praha 7<\/option><option value=\"Magistrat\">Magistr\u00e1t<\/option><option value=\"Praha-1\">Praha 1<\/option><option value=\"Praha-2\">Praha 2<\/option><option value=\"Praha-3\">Praha 3<\/option><option value=\"Praha-4\">Praha 4<\/option><option value=\"Praha-5\">Praha 5<\/option><option value=\"Praha-6\">Praha 6<\/option><option value=\"Praha-8\">Praha 8<\/option><option value=\"Praha-9\">Praha 9<\/option><option value=\"Praha-10\">Praha 10<\/option><option value=\"Praha-11\">Praha 11<\/option><option value=\"Praha-12\">Praha 12<\/option><option value=\"Praha-13\">Praha 13<\/option><option value=\"Praha-14\">Praha 14<\/option><option value=\"Praha-Kunratice\">Kunratice<\/option><option value=\"Praha-Satalice\">Satalice<\/option><\/select> <\/div> <div class=\"row\"> <h4 class=\"text-left donation-headline\">Zvolte takovou \u010d\u00e1stku, kterou sami SOB\u011a ud\u011bl\u00e1te radost.<\/h4> <p><\/p> <\/div> <div class=\"row text-left row-amount-pick\"> <div class=\"\"> <label class=\" margin-b nice-input\">300&nbsp;K\u010d<input type=\"radio\" name=\"amount\" value=\"300\"><span class=\"checkmark\"><\/span><\/label> <\/div> <div class=\"col\"> <label class=\" margin-b nice-input\">500&nbsp;K\u010d<input type=\"radio\" name=\"amount\" value=\"500\"><span class=\"checkmark\"><\/span><\/label> <\/div> <div class=\"col\"> <label class=\" margin-b nice-input\">800&nbsp;K\u010d<input type=\"radio\" name=\"amount\" value=\"800\" checked=\"\"><span class=\"checkmark\"><\/span><\/label> <\/div> <div class=\"col\"> <label class=\" margin-b nice-input\">2000&nbsp;K\u010d<input type=\"radio\" name=\"amount\" value=\"2000\"><span class=\"checkmark\"><\/span><\/label> <\/div> <p><\/p> <\/div> <div class=\"row margin-b margin-t row-set-custom-amount\"> <a class=\"show-user-set-amount\">Zadejte vlastn\u00ed \u010d\u00e1stku<\/a><input id=\"setAmountID\" class=\"widest\" type=\"number\" min=\"50\" placeholder=\"nebo zadejte \u010d\u00e1stku\" name=\"user-set-amount\"><input id=\"\" class=\"actual-amount\" type=\"hidden\" name=\"actual-amount\"> <\/div> <div class=\"row btn-row margin-t\"> <div class=\"btn-row--col\"> <a data-donation-type=\"regular\" href=\"https:\/\/prahasobe.cz\/podporte\/index.php\" id=\"donate-recurr-1ID\" class=\"btn btn-major validate-step1 donate-link\">DARUJI PRAVIDELN\u011a<\/a> <\/div> <div class=\"btn-row--col\"> <button data-popup-trigger=\"darujte\" id=\"singlePaymentID\" class=\"btn btn-major btn-outline popup-trigger\">DARUJI JEDNOR\u00c1ZOV\u011a<\/button> <\/div> <p><\/p> <\/div> <\/div>\n<\/div>\n<\/div>\n <\/div>\n\n<\/div><\/div>\n\n\n\n\n\n\n<div class=\"wp-block-group section section-narrow\"><div class=\"wp-block-group__inner-container is-layout-flow wp-block-group-is-layout-flow\"><div id=\"ps-block_626bb1856de15\" class=\"section custom-bgc custom-bgc-regular outline outline-yellow rounded rounded-tl rounded-tr rounded-bl rounded-br\">\n\n\n<div style=\"height:20px\" aria-hidden=\"true\" class=\"wp-block-spacer\"><\/div>\n\n\n\n<h2 class=\"has-text-align-center wp-block-heading\"><strong><strong>Chci v\u011bd\u011bt v\u00edc<\/strong><\/strong><\/h2>\n\n\n\n<div style=\"height:20px\" aria-hidden=\"true\" class=\"wp-block-spacer\"><\/div>\n\n\n\n<h4 class=\"has-text-align-center wp-block-heading\"><strong>Odeb\u00edrejte n\u00e1\u0161 newsletter, nebo p\u0159i\u010fte na setk\u00e1n\u00ed.<\/strong><\/h4>\n\n\n\n<h4 class=\"has-text-align-center wp-block-heading\"><strong>T\u011b\u0161\u00edme se na&nbsp;v\u00e1s!<\/strong><\/h4>\n\n\n\n<div style=\"height:20px\" aria-hidden=\"true\" class=\"wp-block-spacer\"><\/div>\n\n\n\n<p class=\"has-text-align-center\">P\u0159ihlaste se k&nbsp;odb\u011bru novinek (ODEB\u00cdRAT NEWSLETTER)<br>nebo p\u0159ij\u010fte na <a class=\"\" href=\"https:\/\/prahasobe.cz\/praha9sobe\/novinky\/\">na\u0161e setk\u00e1n\u00ed.<\/a><\/p>\n\n\n\n<div style=\"height:20px\" aria-hidden=\"true\" class=\"wp-block-spacer\"><\/div>\n\n\n<\/div>\n\n\n<div style=\"height:60px\" aria-hidden=\"true\" class=\"wp-block-spacer\"><\/div>\n<\/div><\/div>\n","protected":false},"excerpt":{"rendered":"<p>Chci podpo\u0159it zm\u011bnu finan\u010dn\u011b<\/p>\n","protected":false},"author":5,"featured_media":0,"parent":0,"menu_order":0,"comment_status":"closed","ping_status":"closed","template":"","meta":{"_acf_changed":false,"inline_featured_image":false,"footnotes":""},"class_list":["post-109","page","type-page","status-publish","hentry"],"acf":[],"aioseo_notices":[],"distributor_meta":false,"distributor_terms":false,"distributor_media":false,"distributor_original_site_name":"Praha7Sob\u011b","distributor_original_site_url":"https:\/\/prahasobe.cz\/praha7sobe","push-errors":false,"_links":{"self":[{"href":"https:\/\/prahasobe.cz\/praha7sobe\/wp-json\/wp\/v2\/pages\/109","targetHints":{"allow":["GET"]}}],"collection":[{"href":"https:\/\/prahasobe.cz\/praha7sobe\/wp-json\/wp\/v2\/pages"}],"about":[{"href":"https:\/\/prahasobe.cz\/praha7sobe\/wp-json\/wp\/v2\/types\/page"}],"author":[{"embeddable":true,"href":"https:\/\/prahasobe.cz\/praha7sobe\/wp-json\/wp\/v2\/users\/5"}],"replies":[{"embeddable":true,"href":"https:\/\/prahasobe.cz\/praha7sobe\/wp-json\/wp\/v2\/comments?post=109"}],"version-history":[{"count":2,"href":"https:\/\/prahasobe.cz\/praha7sobe\/wp-json\/wp\/v2\/pages\/109\/revisions"}],"predecessor-version":[{"id":710,"href":"https:\/\/prahasobe.cz\/praha7sobe\/wp-json\/wp\/v2\/pages\/109\/revisions\/710"}],"wp:attachment":[{"href":"https:\/\/prahasobe.cz\/praha7sobe\/wp-json\/wp\/v2\/media?parent=109"}],"curies":[{"name":"wp","href":"https:\/\/api.w.org\/{rel}","templated":true}]}}