{"id":8,"date":"2021-10-12T09:28:17","date_gmt":"2021-10-12T09:28:17","guid":{"rendered":"https:\/\/prahasobe.cz\/praha9sobe\/?page_id=8"},"modified":"2026-04-06T22:53:06","modified_gmt":"2026-04-06T20:53:06","slug":"kontakt","status":"publish","type":"page","link":"https:\/\/prahasobe.cz\/praha12sobe\/kontakt\/","title":{"rendered":"Kontakt"},"content":{"rendered":"<div id=\"ps-block_8d8ed2b1457d7fb9823af472408b0582\" class=\"section custom-bgc custom-bgc-yellow outline outline-yellow rounded rounded-tl rounded-tr rounded-bl rounded-br\">\n\n\n<div style=\"height:20px\" aria-hidden=\"true\" class=\"wp-block-spacer\"><\/div>\n\n\n\n<h2 class=\"has-text-align-center\">R\u00e1di byste se&nbsp;s&nbsp;n\u00e1mi spojili?<\/h2>\n\n\n\n<h2 class=\"has-text-align-center\">Chcete se&nbsp;k&nbsp;n\u00e1m p\u0159idat a&nbsp;m\u011bnit Prahu 12 k&nbsp;lep\u0161\u00edmu<strong>?<\/strong><\/h2>\n\n\n\n<p class=\"has-text-align-center\">Napi\u0161te n\u00e1m na <a href=\"mailto:praha12@prahasobe.cz\" title=\"\">praha12@prahasobe.cz<\/a><\/p>\n\n\n\n<div class=\"wp-container-1 is-horizontal is-content-justification-center wp-block-buttons\">\n<div class=\"wp-block-button caps btn-black\" id=\"napsat-zakladatelce\"><a class=\"wp-block-button__link\" href=\"mailto:praha12@prahasobe.cz\">Napi\u0161te n\u00e1m<\/a><\/div>\n<\/div>\n\n\n<\/div>\n\n\n<h2 class=\"has-text-align-center\"><\/h2>\n\n\n\n<div class=\"wp-container-3 wp-block-columns\">\n<div class=\"wp-container-2 wp-block-column\" style=\"flex-basis:100%\"><\/div>\n<\/div>\n\n\n\n<div style=\"height:100px\" aria-hidden=\"true\" class=\"wp-block-spacer\"><\/div>\n\n\n\n<div class=\"wp-container-15 wp-block-group section section-narrow\"><div class=\"wp-block-group__inner-container\">\n<div class=\"wp-container-14 wp-block-columns\">\n<div class=\"wp-container-11 wp-block-column contact-col contact-col--person\" style=\"flex-basis:33.33%\">\n<div class=\"wp-container-7 wp-block-columns\">\n<div class=\"wp-container-6 wp-block-column\" style=\"flex-basis:100%\">\n<div class=\"wp-container-5 wp-block-columns\">\n<div class=\"wp-container-4 wp-block-column\" style=\"flex-basis:100%\">\n<figure class=\"wp-block-image size-large\"><img loading=\"lazy\" width=\"767\" height=\"1024\" src=\"http:\/\/prahasobe.cz\/praha12sobe\/wp-content\/uploads\/sites\/7\/2022\/08\/Verona-Ballay-web-1-e1660725572781-767x1024.jpg\" alt=\"\" class=\"wp-image-590\" srcset=\"https:\/\/prahasobe.cz\/praha12sobe\/wp-content\/uploads\/sites\/7\/2022\/08\/Verona-Ballay-web-1-e1660725572781-767x1024.jpg 767w, https:\/\/prahasobe.cz\/praha12sobe\/wp-content\/uploads\/sites\/7\/2022\/08\/Verona-Ballay-web-1-e1660725572781-225x300.jpg 225w, https:\/\/prahasobe.cz\/praha12sobe\/wp-content\/uploads\/sites\/7\/2022\/08\/Verona-Ballay-web-1-e1660725572781-768x1026.jpg 768w, https:\/\/prahasobe.cz\/praha12sobe\/wp-content\/uploads\/sites\/7\/2022\/08\/Verona-Ballay-web-1-e1660725572781.jpg 1139w\" sizes=\"(max-width: 767px) 100vw, 767px\" \/><\/figure>\n<\/div>\n<\/div>\n<\/div>\n<\/div>\n\n\n<div id=\"ps-block_da7b01ee378e7055405acc8b5d3d467c\" class=\"section custom-bgc custom-bgc-yellow rounded rounded-bl rounded-br contact-col--person_caption\">\n\n\n<div class=\"wp-container-10 wp-block-columns icon-plus-name\">\n<div class=\"wp-container-8 wp-block-column ps-people-column ps-people-column_icon\">\n<figure class=\"wp-block-image size-large\"><img  src=\"http:\/\/prahasobe.cz\/praha12sobe\/wp-content\/uploads\/sites\/7\/2022\/04\/PSMC_icon-woman02.svg\" alt=\"\" class=\"wp-image-261\" \/><\/figure>\n<\/div>\n\n\n\n<div class=\"wp-container-9 wp-block-column ps-people-column ps-people-column_headline\">\n<h4 class=\"caps ff-ps-italic strong\">VERONA<br>ballay<br><\/h4>\n<\/div>\n<\/div>\n\n\n\n<p><strong>PRAHA 12 SOB\u011a<\/strong><\/p>\n\n\n\n<p>+420 \u200b\u200b605&nbsp;042&nbsp;875<\/p>\n\n\n\n<p><a href=\"mailto:praha12@prahasobe.cz\">praha12@prahasobe.cz<\/a><\/p>\n\n\n<\/div><\/div>\n\n\n\n<div class=\"wp-container-13 wp-block-column contact-col contact-col--places\" style=\"flex-basis:66.66%\">\n<div class=\"wp-container-12 wp-block-group\"><div class=\"wp-block-group__inner-container\"><div id=\"ps-block_badcce0bed6afc2915a5a6eaba709fde\" class=\"section custom-bgc custom-bgc-regular outline outline-yellow rounded rounded-tl rounded-tr rounded-bl rounded-br\">\n\n\n<h3><strong>Setk\u00e1n\u00ed s&nbsp;Prahou 12 sob\u011b<\/strong><\/h3>\n\n\n\n<ul class=\"icon-list icon-list--map\"><li><strong>9.&nbsp;dubna od 18 hodin<\/strong> <strong>v Jemn\u00e9m kin\u011b<\/strong> (Biograf Mod\u0159any)<\/li><li><strong>14.&nbsp;kv\u011btna od 18 hodin<\/strong><\/li><li><strong>11.&nbsp;\u010dervna od 18 hodin<\/strong><\/li><\/ul>\n\n\n<\/div><\/div><\/div>\n\n\n\n<div style=\"height:100px\" aria-hidden=\"true\" class=\"wp-block-spacer\"><\/div>\n\n\n\n<div style=\"height:100px\" aria-hidden=\"true\" class=\"wp-block-spacer\"><\/div>\n\n\n\n<div style=\"height:100px\" aria-hidden=\"true\" class=\"wp-block-spacer\"><\/div>\n\n\n\n<div style=\"height:100px\" aria-hidden=\"true\" class=\"wp-block-spacer\"><\/div>\n\n\n<div id=\"ps-block_badcce0bed6afc2915a5a6eaba709fde\" class=\"section custom-bgc custom-bgc-regular outline outline-yellow rounded rounded-tl rounded-tr rounded-bl rounded-br\">\n\n\n<h3><strong>Sp\u0159\u00e1telen\u00e1 m\u00edsta, kter\u00fdm d\u011bkujeme za podporu:<\/strong><\/h3>\n\n\n\n<ul class=\"icon-list icon-list--map\"><li><strong>Delikates Food,<\/strong> <br>\u010ceskoslovensk\u00e9ho exilu 2154<br><\/li><li><strong>Caf\u00e9 Parkofka<\/strong>,<br>naproti parku u&nbsp;Obchodn\u00edho n\u00e1m\u011bst\u00ed<br><\/li><li><strong>Vinot\u00e9ka V\u00fdvrtka<\/strong><br>Komo\u0159ansk\u00e1 2000<\/li><\/ul>\n\n\n<\/div><\/div>\n<\/div>\n<\/div><\/div>\n\n\n\n<div style=\"height:60px\" aria-hidden=\"true\" class=\"wp-block-spacer\"><\/div>\n\n\n\n<p><\/p>\n","protected":false},"excerpt":{"rendered":"","protected":false},"author":5,"featured_media":0,"parent":0,"menu_order":0,"comment_status":"closed","ping_status":"closed","template":"","meta":{"inline_featured_image":false},"acf":[],"aioseo_notices":[],"_links":{"self":[{"href":"https:\/\/prahasobe.cz\/praha12sobe\/wp-json\/wp\/v2\/pages\/8"}],"collection":[{"href":"https:\/\/prahasobe.cz\/praha12sobe\/wp-json\/wp\/v2\/pages"}],"about":[{"href":"https:\/\/prahasobe.cz\/praha12sobe\/wp-json\/wp\/v2\/types\/page"}],"author":[{"embeddable":true,"href":"https:\/\/prahasobe.cz\/praha12sobe\/wp-json\/wp\/v2\/users\/5"}],"replies":[{"embeddable":true,"href":"https:\/\/prahasobe.cz\/praha12sobe\/wp-json\/wp\/v2\/comments?post=8"}],"version-history":[{"count":40,"href":"https:\/\/prahasobe.cz\/praha12sobe\/wp-json\/wp\/v2\/pages\/8\/revisions"}],"predecessor-version":[{"id":954,"href":"https:\/\/prahasobe.cz\/praha12sobe\/wp-json\/wp\/v2\/pages\/8\/revisions\/954"}],"wp:attachment":[{"href":"https:\/\/prahasobe.cz\/praha12sobe\/wp-json\/wp\/v2\/media?parent=8"}],"curies":[{"name":"wp","href":"https:\/\/api.w.org\/{rel}","templated":true}]}}